963661 a prime number?
True
Is 2775089033 prime?
False
Is 16168640489 a composite number?
False
Is 10372054027 a prime number?
True
Is 620128273 a prime number?
False
Is 25601492549 composite?
True
Is 9864400037 a composite number?
False
Is 619100059 a composite number?
False
Is 2783059117 a composite number?
True
Is 827342771 prime?
True
Is 3304618753 prime?
False
Is 8465602009 prime?
True
Is 191326367 a composite number?
False
Is 1527338591 composite?
False
Is 7576984537 a prime number?
False
Is 5373774449 a prime number?
False
Is 1220741603 a composite number?
False
Is 288666647 a composite number?
True
Is 214589984333 a composite number?
False
Is 26242581503 a composite number?
True
Is 2434591141 prime?
True
Is 1087213717 composite?
False
Is 12142914701 a composite number?
False
Is 191117347199 prime?
False
Is 12573124009 a prime number?
True
Is 77595086 composite?
True
Is 2305350287 a prime number?
True
Is 164245943 composite?
False
Is 239461505 composite?
True
Is 11635645081 prime?
True
Is 3664230701 prime?
False
Is 535139483 prime?
True
Is 191834488403 a prime number?
True
Is 173405767 a composite number?
False
Is 592237171 a composite number?
False
Is 881364767 composite?
False
Is 37541091761 a composite number?
True
Is 2249335021 prime?
True
Is 870122221 composite?
False
Is 6229853683 a prime number?
True
Is 726403567 composite?
True
Is 1592076209 composite?
False
Is 547055473 a composite number?
False
Is 442098401 prime?
True
Is 42569102 prime?
False
Is 1322449511 a prime number?
True
Is 477840299 a composite number?
False
Is 14241134009 a composite number?
True
Is 92241114549 a prime number?
False
Is 62313321722 a prime number?
False
Is 18067327117 a prime number?
False
Is 16688800411 a composite number?
True
Is 510752287 a composite number?
True
Is 564148811 prime?
False
Is 16256249 a composite number?
False
Is 13461146341 prime?
True
Is 15452487359 prime?
False
Is 2061522019 a prime number?
False
Is 770112643 a prime number?
False
Is 4363466629 a prime number?
True
Is 220743151 composite?
True
Is 931916171 a prime number?
True
Is 4077905119 a composite number?
True
Is 1131219371 prime?
True
Is 3317272723 composite?
False
Is 3501193511 a composite number?
True
Is 399298429 composite?
True
Is 398538367 composite?
True
Is 3820586719 a composite number?
False
Is 3254076323 prime?
False
Is 989172203 a prime number?
True
Is 20115089545 a prime number?
False
Is 110884884151 composite?
False
Is 5949803711 prime?
True
Is 6986331061 a prime number?
True
Is 2238640493 prime?
True
Is 10247226437 composite?
True
Is 26805935131 prime?
True
Is 1168647061 a prime number?
False
Is 3514351377 a composite number?
True
Is 24267995 prime?
False
Is 91588851437 a prime number?
True
Is 173017519 a composite number?
True
Is 131716269053 a composite number?
False
Is 9022720297 prime?
False
Is 1837586147 composite?
False
Is 21326757359 composite?
False
Is 19296986287 prime?
True
Is 10306310539 a prime number?
False
Is 401214181 prime?
True
Is 3075236349 a prime number?
False
Is 21752400067 a prime number?
False
Is 12000467449 composite?
False
Is 574711679 composite?
False
Is 528580015 composite?
True
Is 3294330989 a prime number?
True
Is 6701241859 a composite number?
True
Is 388558769 a composite number?
False
Is 56805252389 a composite number?
False
Is 9593179621 composite?
False
Is 9816619037 prime?
True
Is 1391619415 prime?
False
Is 24937004783 a prime number?
True
Is 66368836507 a prime number?
True
Is 180940807 a prime number?
True
Is 26583487 prime?
False
Is 34998191 prime?
True
Is 11053322059 a prime number?
False
Is 11866739263 a prime number?
True
Is 455121239 a prime number?
False
Is 11773302119 prime?
False
Is 1679184086 a prime number?
False
Is 8351939581 composite?
False
Is 16172922013 a composite number?
False
Is 1186589779 a prime number?
True
Is 1764488945 a composite number?
True
Is 265007466103 composite?
False
Is 4451569303 prime?
False
Is 11596759973 a prime number?
True
Is 2060756039 a composite number?
False
Is 724748503 prime?
False
Is 846384689 composite?
True
Is 257679589 composite?
False
Is 513507277 a prime number?
True
Is 45202639513 prime?
True
Is 54338167861 prime?
False
Is 18727153629 composite?
True
Is 65384064595 a prime number?
False
Is 41991977 a prime number?
True
Is 60977270381 prime?
True
Is 1890103219 prime?
False
Is 15682812167 composite?
True
Is 333867889 a composite number?
True
Is 143480047 a composite number?
False
Is 4554276563 prime?
True
Is 166430574619 composite?
False
Is 447756754 a prime number?
False
Is 12232861367 prime?
True
Is 59305404397 a prime number?
True
Is 199141441 a composite number?
False
Is 26658187 a prime number?
True
Is 1898982857 composite?
True
Is 14436237269 a composite number?
False
Is 136845211 a composite number?
False
Is 48943303 a prime number?
False
Is 1117189841 composite?
False
Is 3943069241 prime?
False
Is 32223825163 composite?
True
Is 3061715641 a composite number?
False
Is 1366287521 prime?
False
Is 55310471 composite?
False
Is 9773088293 a composite number?
False
Is 1123378189 a prime number?
False
Is 16022304731 prime?
False
Is 4288159 composite?
False
Is 736191761 a composite number?
True
Is 54348548185 a prime number?
False
Is 1689844771 a composite number?
False
Is 3818618 composite?
True
Is 29384039 prime?
True
Is 432314021 a composite number?
False
Is 70037206769 a composite number?
False
Is 853917347 a composite number?
False
Is 11325418457 a prime number?
False
Is 2017060267 composite?
True
Is 1971012167 a composite number?
False
Is 13968185323 prime?
False
Is 2210395379 a composite number?
False
Is 11713846511 a composite number?
True
Is 1532736151 prime?
True
Is 2616972703 a composite number?
True
Is 300958696653 a composite number?
True
Is 78020413883 a composite number?
False
Is 82007345743 a composite number?
True
Is 29420536931 a prime number?
True
Is 2974242397 a prime number?
False
Is 32969567 a composite number?
True
Is 31871062787 prime?
True
Is 514629859 a prime number?
True
Is 55396237999 prime?
False
Is 5700420871 a composite number?
False
Is 6546235687 prime?
True
Is 1684843333 prime?
False
Is 158409457 a prime number?
False
Is 6369350873 prime?
False
Is 753144461 a prime number?
False
Is 1446632669 a composite number?
True
Is 122635915997 a prime number?
False
Is 11480267203 composite?
False
Is 3447097723 prime?
False
Is 41881043387 prime?
False
Is 1499802079 composite?
False
Is 16368284605 prime?
False
Is 8217509987 composite?
False
Is 34352018713 composite?
True
Is 242215141853 a prime number?
True
Is 8556714997 a composite number?
True
Is 4595162791 prime?
True
Is 547980523 a prime number?
False
Is 1437204161 a prime number?
True
Is 7556267239 composite?
False
Is 2018388809 prime?
False
Is 1370572199 prime?
True
Is 10047418651 composite?
False
Is 2695594679 prime?
True
Is 73871363 composite?
True
Is 15002880083 prime?
True
Is 356526221 composite?
False
Is 1621112359 composite?
True
Is 197915945299 composite?
False
Is 1311532727 a prime number?
False
Is 23110746209 composite?
False
Is 1127347679 prime?
False
Is 111648319 a composite number?
False
Is 24564182399 a prime number?
True
Is 20581819359 prime?
False
Is 690820679 composite?
True
Is 9801110167 composite?
True
Is 3003801373 composite?
True
Is 145369871 prime?
False
Is 642545393 a prime number?
False
Is 407578181 composite?
False
Is 13042344437 a composite number?
True
Is 8090461597 composite?
True
Is 683664203 a composite number?
False
Is 11848537 a prime number?
True
Is 573885049 prime?
False
Is 47514724099 a prime number?
False
Is 2048078657 a prime number?
True
Is 41403269 composite?
False
Is 150954143105 a prime number?
False
Is 6350575493 composite?
False
Is 304625923 prime?
False
Is 2652888521 a composite number?
True
Is 8462029027 composite?
False
Is 3489753721 a prime number?
True
Is 21032118827 prime?
False
Is 119484855643 prime?
False
Is 4997936627 prime?
False
Is 23522755 prime?
False
Is 10815558769 prime?
False
Is 8342217361 composite?
False
Is 340572559 prime?
True
Is 88828777 prime?
False
Is 31313649287 a composite number?
False
Is 1660757561 a prime number?
True
Is 141521577371 composite?
True
Is 426757655 a composite number?
True
Is 9358379803 a composite number?
True
Is 1